w - 273936 = -324*w - 304*w. What is the hundreds digit of w?
8
Let q = -1148 - 219. Let c = -801 - q. What is the tens digit of c?
6
Let s be 1/(33640/8408 + -4). Suppose 0 = -6*r + s + 287. What is the tens digit of r?
2
Let y be (2006/(-59))/((-2)/32). Suppose 430 = 3*m - o - 365, y = 2*m + 4*o. What is the tens digit of m?
6
Let i(u) = 7*u**2 + 21*u + 259. What is the units digit of i(-30)?
9
Suppose 0*l - 7*l = 0. Suppose l = -5*a - 2*x - 653, -a = -3*a - 3*x - 270. What is the units digit of 9 - a - (-2 + 1)?
9
Let z = 169 + -173. What is the units digit of z/(-3)*(-1278)/(-24)?
1
Let k = 6 - 3. Suppose -2*t + 5*h - 11 = -74, -3*t + k*h + 72 = 0. Suppose 3*v - 4*v - 4*n = -t, 0 = 4*v - 3*n. What is the units digit of v?
3
Let q(f) = -10*f + 18. Let t be q(-3). Suppose 0 = -3*r + 3*i - t, 6 + 14 = -r + 2*i. What is the units digit of (-3439)/(-114) + 2/r?
0
Let s be 0*((-7)/2 - -3). Let a = s + 10. Suppose -6*y - 160 = -a*y. What is the tens digit of y?
4
Suppose -7*k + 48 = -4*k. Suppose 3*q - k = -4. Suppose -b + 0*r - 3*r + 23 = 0, -48 = -2*b - q*r. What is the tens digit of b?
2
Let k(w) = w**3 + 2*w**2 + 25*w - 40. What is the units digit of k(22)?
6
Let s(x) = -49*x + 551. What is the hundreds digit of s(-15)?
2
Suppose 205*y + 108*y = 16*y + 5067711. What is the ten thousands digit of y?
1
Suppose 0 = -3575*u + 3608*u - 1740915. What is the hundreds digit of u?
7
Suppose -81 = -q - k, -2*q + 3*k = 4*k - 162. Let z = q + -172. What is the units digit of 2230/14 - (-26)/z?
9
What is the hundreds digit of 6690*(741/(-65) + 12)?
0
Suppose 3*q - 2*q - 5*p + 10 = 0, 3*p - 24 = -3*q. Let o(l) = 33*l**2 - l + 3. Let z be o(-2). What is the units digit of (z/q)/(1/5)?
7
Suppose 0 = 109*v - 450817 - 726274. What is the tens digit of v?
9
Suppose -5*x + 4*x = -15. Suppose -364 = -a + x*a. Let l = a - -100. What is the units digit of l?
4
Let v be -74 - (-1)/(-2)*-4. Let q = -521 + v. Let n = -400 - q. What is the tens digit of n?
9
Let x = 85 + -81. Suppose 5*m - 224 = 4*n, 2*m - 5*n + 116 = x*m. What is the units digit of (222/4)/(m/64)?
4
Suppose 2*u + 11*u = 13. What is the hundreds digit of 140/u + 185/37?
1
Suppose -n + 0*q = 4*q - 24, 2*n - q = 3. Suppose 24 = n*f - 56. What is the units digit of (-2072)/f*-1 - 9/15?
3
Let s(w) = -24 + 33 - 8 - 4 + 36*w - 4. Let k = -1 + 5. What is the units digit of s(k)?
7
Let c(b) = -b**3 - 9*b**2 + 7*b - 8. Let t be c(-7). Let u be 2/((-956)/476 + 2). Let k = t - u. What is the tens digit of k?
8
Suppose -3*p + 6*p - 9 = 0. Suppose 4*n - p*o - 339 - 169 = 0, -3*n + 388 = -4*o. What is the hundreds digit of n?
1
Suppose -3*f = -5*t + 27112 + 16515, 0 = 5*t + 2*f - 43607. What is the thousands digit of t?
8
Suppose -17*f + 62 - 11 = 0. Suppose 653 = u + a + 113, 0 = -f*a - 3. What is the units digit of u?
1
Let i = -7 + 45. Suppose -5179*t + 5165*t = -1960. Let r = t - i. What is the hundreds digit of r?
1
Let k be ((-2)/3)/(0 + (-6)/2493). Suppose -4 + k = 3*c. What is the tens digit of c?
9
What is the units digit of (50/(-8))/(-5) + ((-1044021)/(-44) - 15)?
4
Let b be (96/9)/((-5)/(15/(-2))). Let f be ((-36)/(-10) - 2)*(-40)/b. What is the tens digit of (-7 - -5)/((f/(-163))/(-2))?
6
Let r(f) = -f**2 + 51*f - 21. Let a be r(47). Suppose 2*m + 11*n - 6*n - a = 0, 3*n = -3*m + 237. What is the units digit of m?
6
Let c(o) = -o**2 + o + 77. Let m be c(-8). Suppose -5*r = -3*r - k - 1258, 0 = -m*k + 10. What is the hundreds digit of r?
6
Suppose -222*j + 28357070 = 30*j + 7841498. What is the units digit of j?
1
Let z(i) = -5*i**2 - 115*i - 51. Let t be z(-28). Let s = 291 - t. What is the hundreds digit of s?
0
Let i(j) = 5 + j**3 - 3*j**2 + 4*j**3 + 2*j - 10*j + 22*j. What is the tens digit of i(3)?
5
Let h = 18730 + -8125. Suppose 8*l = h - 2965. What is the units digit of l?
5
What is the ten thousands digit of (2*(-3 + 1))/(-4)*195378/6?
3
Let g be (2 - 0) + (-20 - 3). What is the tens digit of (6 - 424/7)*g?
4
Let a = 546 + 1680. Let s = a - 1106. What is the tens digit of s?
2
Let d(m) = -m**3 - 6*m - 7. Suppose 0*h = -8*h - 72. Let l = h - -5. What is the tens digit of d(l)?
8
Let c be (-3)/(12/(-8)) + (-1 - -1). Suppose 0 = c*a - 4*d - 1552, -4*a - d = -644 - 2460. What is the hundreds digit of a?
7
Suppose -2*k + 2*s = -2, s - 5 = -k + 3*s. Let j be 472/k*(-54)/36. Suppose 4*o = -2*q - 2*q + j, 3*o - 12 = 0. What is the tens digit of q?
5
Let h(d) = d**2 - 2. Let f be h(11). Let n = f + -67. Let z = -12 + n. What is the tens digit of z?
4
Let l(f) be the third derivative of -f**5/60 + 13*f**4/24 + f**3/2 - 48*f**2. Let m be l(14). What is the units digit of m/((-44)/104) - 2?
4
Let q(f) = 32*f**2 - 25*f + 397. What is the hundreds digit of q(39)?
0
Suppose -8 - 8 = -4*u. Suppose -3*w - 5*s - 58 = 0, -u*s + 9*s + 47 = -2*w. Let f = w + 61. What is the tens digit of f?
5
What is the ten thousands digit of -10*(4 - (-5 - 37707/(-30)))?
1
Suppose 0 = -10*y - 236 + 296. What is the hundreds digit of ((-288)/24)/(y/(-693))?
3
Suppose -2*n + 1703 = 127. Suppose 13*d - n - 811 = 0. What is the hundreds digit of d?
1
Suppose j + t - 7 = -0*t, 2*t = -3*j + 18. What is the units digit of j?
4
Suppose -g - j - 3 = -0*j, g + 3 = j. What is the units digit of (-99)/g*(-108)/(-9)?
6
Suppose f - 11 = 4*f + 5*s, -2*s = 5*f + 31. Let m(g) = -89*g - 47. What is the tens digit of m(f)?
7
Suppose -5*g - 10262 = -l, -3*g = -57*l + 55*l + 20538. What is the hundreds digit of l?
2
Let i be ((-13)/(-39))/((-2)/(-7842)). Let h = -915 + i. What is the tens digit of h?
9
Suppose 24219 = 4*k - d, 2*k - d - 10783 = 1324. What is the thousands digit of k?
6
Suppose 5*d - 31 = 154. Suppose 11 = z + 2*v - 0, 0 = -4*z - v + d. Suppose -10*o + 148 = -z*o. What is the units digit of o?
8
Suppose 2*h - 17*h = 25*h - 536560. What is the ten thousands digit of h?
1
Let h be 2/((-564)/(-196) + -3)*3. Let s be (1 - (-18)/(-14)) + 2093/h. Let o = 124 + s. What is the tens digit of o?
8
Let h(k) = -14*k + 182. What is the hundreds digit of h(-8)?
2
Let p(q) be the first derivative of q**3/3 + 7*q - 1. Let i(j) = -8*j**2 + j + 5. Let a be i(0). What is the units digit of p(a)?
2
Suppose 211709 = 23*q - 13680 - 25035. What is the hundreds digit of q?
8
Let j(s) = -s**3 + 8*s**2 - 2*s + 11. Let t be j(8). Let x(g) = -364*g**2 - 6*g + 5. Let k be x(1). What is the tens digit of -2 + k/t + -3?
6
Let u(n) = -n**3 + 61*n**2 - 193*n - 2. What is the units digit of u(56)?
0
Let u(i) = 5*i + 33 + 29 - 65. Let q be u(6). Suppose 0 = 5*a - q - 353. What is the units digit of a?
6
Let n(j) = -29*j**2 - 20*j - 2. Let p be n(-4). Let s = p - -652. What is the tens digit of s?
6
Let f(l) = 7014*l + 561. What is the hundreds digit of f(3)?
6
Let t = 6 - 5. Suppose t + 7 = 2*c. Suppose -c = -i + 30. What is the tens digit of i?
3
Suppose 3*s - 3*q = 2*q + 5023, 2*s + 2*q = 3354. Suppose 1567 = 5*w - 2*p, 5*w + 116 = -5*p + s. What is the units digit of w?
3
Suppose 14*g + 22*g - 186624 = 0. What is the hundreds digit of g?
1
Suppose 3*f + 13 = -3*w + 43, -3*f - 2*w + 29 = 0. What is the tens digit of 766/(3/f + (-8)/(-12))?
6
Let n(w) = 66*w - 122. Let g be n(9). Let a = g - 19. What is the hundreds digit of a?
4
Let f = -7578 - -19773. What is the hundreds digit of f?
1
Let l = -6785 + 12775. Suppose 5*b = -5*d + l, 0*d = -2*d - b + 2397. What is the thousands digit of d?
1
Suppose t + 1416 = 5*j, -2*t = 2*j + t - 580. Let b be (2/(-2))/((-4)/j). Suppose 29 = 5*c - b. What is the units digit of c?
0
Let l be (-3)/21*-1 - (-165690)/(-147). Let f = 1916 + l. What is the tens digit of f?
8
Let u(f) = -176*f - 4338. What is the thousands digit of u(-32)?
1
Let z be -8*(5 + (-12)/2). What is the tens digit of 6 + (-8897)/(-28) - 6/z?
2
Let s be -3 + (161/4)/((-3)/12). Let a = s - -177. What is the tens digit of a?
1
Let g(r) = -266*r**3 + 8 + 267*r**3 - 31 + 17*r + 19*r**2. What is the hundreds digit of g(-16)?
4
Let r(o) = 31*o + 3063. What is the hundreds digit of r(62)?
9
Let c(n) be the third derivative of -n**6/60 - n**5/30 + 7*n**4/24 + n**3 + n**2 + 243. What is the hundreds digit of c(-9)?
2
Let k be (-6)/(-14) - (-11)/7. Suppose k*l = 5*l - n - 969, -2*l - n = -651. What is the hundreds digit of l?
3
Let g(j) = 0*j**2 + 16 + 25*j - j**2 + 37 